{"id":32,"date":"2024-05-13T13:29:14","date_gmt":"2024-05-13T11:29:14","guid":{"rendered":"http:\/\/kompetentnelo.oce.opolskie.pl\/?page_id=32"},"modified":"2024-05-22T14:57:30","modified_gmt":"2024-05-22T12:57:30","slug":"dzialania-dla-nauczycieli","status":"publish","type":"page","link":"https:\/\/kompetentnelo.oce.opolskie.pl\/index.php\/dzialania-dla-nauczycieli\/","title":{"rendered":"Dzia\u0142ania dla nauczycieli"},"content":{"rendered":"\t\t<div data-elementor-type=\"wp-page\" data-elementor-id=\"32\" class=\"elementor elementor-32\">\n\t\t\t\t<div class=\"elementor-element elementor-element-bf95ceb e-flex e-con-boxed e-con e-parent\" data-id=\"bf95ceb\" data-element_type=\"container\">\n\t\t\t\t\t<div class=\"e-con-inner\">\n\t\t\t\t<div class=\"elementor-element elementor-element-d90cca8 elementor-widget elementor-widget-text-editor\" data-id=\"d90cca8\" data-element_type=\"widget\" data-widget_type=\"text-editor.default\">\n\t\t\t\t<div class=\"elementor-widget-container\">\n\t\t\t<style>\/*! elementor - v3.21.0 - 22-05-2024 *\/\n.elementor-widget-text-editor.elementor-drop-cap-view-stacked .elementor-drop-cap{background-color:#69727d;color:#fff}.elementor-widget-text-editor.elementor-drop-cap-view-framed .elementor-drop-cap{color:#69727d;border:3px solid;background-color:transparent}.elementor-widget-text-editor:not(.elementor-drop-cap-view-default) .elementor-drop-cap{margin-top:8px}.elementor-widget-text-editor:not(.elementor-drop-cap-view-default) .elementor-drop-cap-letter{width:1em;height:1em}.elementor-widget-text-editor .elementor-drop-cap{float:left;text-align:center;line-height:1;font-size:50px}.elementor-widget-text-editor .elementor-drop-cap-letter{display:inline-block}<\/style>\t\t\t\t<ol>\n<li>Refundacja studi\u00f3w podyplomowych\/kurs\u00f3w nadaj\u0105ce kwalifikacje lub kompetencje,&nbsp;<\/li>\n<li>Warsztaty i konferencje dla kadr szk\u00f3\u0142 og\u00f3lnokszta\u0142c\u0105cych w tym z zakresu:&nbsp;<span style=\"font-style: inherit; font-weight: inherit; text-indent: -18pt; color: var( --e-global-color-text ); font-family: var( --e-global-typography-text-font-family ), Sans-serif; text-align: var(--text-align); letter-spacing: 0.01em;\">wykorzystania metod coachingu, tutoringu, superwizji w pracy nauczyciela, psychologa, pedagoga i doradcy zawodowego oraz&nbsp;<\/span><span style=\"font-style: inherit; font-weight: inherit; text-indent: -18pt; color: var( --e-global-color-text ); font-family: var( --e-global-typography-text-font-family ), Sans-serif; text-align: var(--text-align); letter-spacing: 0.01em;\">wsparcia psychologiczno-pedagogicznego, a tak\u017ce&nbsp;<\/span><span style=\"color: var( --e-global-color-text ); font-family: var( --e-global-typography-text-font-family ), Sans-serif; font-style: inherit; font-weight: inherit; letter-spacing: 0.01em; text-align: var(--text-align); text-indent: -18pt;\">szkolenia Rad Pedagogicznych.<\/span><\/li>\n<\/ol>\n<p style=\"mso-add-space: auto; text-indent: -18.0pt; line-height: 107%; mso-list: l0 level2 lfo1; margin: 0cm 0cm 8.0pt 54.0pt;\"><span style=\"font-style: inherit; font-weight: inherit; text-indent: -18pt; color: var( --e-global-color-text ); font-family: var( --e-global-typography-text-font-family ), Sans-serif; text-align: var(--text-align); letter-spacing: 0.01em;\">&nbsp;<\/span><\/p>\n<p style=\"mso-add-space: auto; text-indent: -18.0pt; line-height: 107%; mso-list: l0 level2 lfo1; margin: 0cm 0cm 8.0pt 54.0pt;\"><span style=\"font-style: inherit; font-weight: inherit; text-indent: -18pt; color: var( --e-global-color-text ); font-family: var( --e-global-typography-text-font-family ), Sans-serif; text-align: var(--text-align); letter-spacing: 0.01em;\">&nbsp;<\/span><\/p>\n<p style=\"mso-add-space: auto; text-indent: -18.0pt; line-height: 107%; mso-list: l0 level2 lfo1; margin: 0cm 0cm 8.0pt 54.0pt;\"><span style=\"font-style: inherit; font-weight: inherit; text-indent: -18pt; color: var( --e-global-color-text ); font-family: var( --e-global-typography-text-font-family ), Sans-serif; text-align: var(--text-align); letter-spacing: 0.01em;\">&nbsp;<\/span><\/p>\n<div style=\"letter-spacing: 0.15px;\"><b>Efekty i rezultaty projektu w dzia\u0142aniach dla nauczycieli:<\/b><\/div>\n<div style=\"letter-spacing: 0.15px;\"><b>Liczba przedstawicieli kadr szk\u00f3\u0142 i plac\u00f3wek systemu o\u015bwiaty, kt\u00f3rzy nab\u0119d\u0105 kwalifikacje\/kompetencje po opuszczeniu projektu: 280<\/b><\/div>\t\t\t\t\t\t<\/div>\n\t\t\t\t<\/div>\n\t\t\t\t\t<\/div>\n\t\t\t\t<\/div>\n\t\t<div class=\"elementor-element elementor-element-ef0e817 e-flex e-con-boxed e-con e-parent\" data-id=\"ef0e817\" data-element_type=\"container\">\n\t\t\t\t\t<div class=\"e-con-inner\">\n\t\t\t\t<div class=\"elementor-element elementor-element-9f7697f elementor-widget elementor-widget-image\" data-id=\"9f7697f\" data-element_type=\"widget\" data-widget_type=\"image.default\">\n\t\t\t\t<div class=\"elementor-widget-container\">\n\t\t\t<style>\/*! elementor - v3.21.0 - 22-05-2024 *\/\n.elementor-widget-image{text-align:center}.elementor-widget-image a{display:inline-block}.elementor-widget-image a img[src$=\".svg\"]{width:48px}.elementor-widget-image img{vertical-align:middle;display:inline-block}<\/style>\t\t\t\t\t\t\t\t\t\t<img fetchpriority=\"high\" decoding=\"async\" width=\"624\" height=\"115\" src=\"https:\/\/kompetentnelo.oce.opolskie.pl\/wp-content\/uploads\/2024\/05\/Element-przewodni-RGB.png\" class=\"attachment-large size-large wp-image-104\" alt=\"\" srcset=\"https:\/\/kompetentnelo.oce.opolskie.pl\/wp-content\/uploads\/2024\/05\/Element-przewodni-RGB.png 624w, https:\/\/kompetentnelo.oce.opolskie.pl\/wp-content\/uploads\/2024\/05\/Element-przewodni-RGB-300x55.png 300w\" sizes=\"(max-width: 624px) 100vw, 624px\" \/>\t\t\t\t\t\t\t\t\t\t\t\t\t<\/div>\n\t\t\t\t<\/div>\n\t\t\t\t\t<\/div>\n\t\t\t\t<\/div>\n\t\t\t\t<\/div>\n\t\t","protected":false},"excerpt":{"rendered":"<p>Refundacja studi\u00f3w podyplomowych\/kurs\u00f3w nadaj\u0105ce kwalifikacje lub kompetencje,&nbsp; Warsztaty i konferencje dla kadr szk\u00f3\u0142 og\u00f3lnokszta\u0142c\u0105cych w tym z zakresu:&nbsp;wykorzystania metod coachingu, tutoringu, superwizji w pracy nauczyciela, psychologa, pedagoga i doradcy zawodowego oraz&nbsp;wsparcia psychologiczno-pedagogicznego, a tak\u017ce&nbsp;szkolenia Rad Pedagogicznych. &nbsp; &nbsp; &nbsp; Efekty i rezultaty projektu w dzia\u0142aniach dla nauczycieli: Liczba przedstawicieli kadr szk\u00f3\u0142 i plac\u00f3wek systemu o\u015bwiaty, [&hellip;]<\/p>\n","protected":false},"author":2,"featured_media":0,"parent":0,"menu_order":0,"comment_status":"closed","ping_status":"closed","template":"","meta":{"footnotes":""},"class_list":["post-32","page","type-page","status-publish","hentry"],"_links":{"self":[{"href":"https:\/\/kompetentnelo.oce.opolskie.pl\/index.php\/wp-json\/wp\/v2\/pages\/32","targetHints":{"allow":["GET"]}}],"collection":[{"href":"https:\/\/kompetentnelo.oce.opolskie.pl\/index.php\/wp-json\/wp\/v2\/pages"}],"about":[{"href":"https:\/\/kompetentnelo.oce.opolskie.pl\/index.php\/wp-json\/wp\/v2\/types\/page"}],"author":[{"embeddable":true,"href":"https:\/\/kompetentnelo.oce.opolskie.pl\/index.php\/wp-json\/wp\/v2\/users\/2"}],"replies":[{"embeddable":true,"href":"https:\/\/kompetentnelo.oce.opolskie.pl\/index.php\/wp-json\/wp\/v2\/comments?post=32"}],"version-history":[{"count":28,"href":"https:\/\/kompetentnelo.oce.opolskie.pl\/index.php\/wp-json\/wp\/v2\/pages\/32\/revisions"}],"predecessor-version":[{"id":309,"href":"https:\/\/kompetentnelo.oce.opolskie.pl\/index.php\/wp-json\/wp\/v2\/pages\/32\/revisions\/309"}],"wp:attachment":[{"href":"https:\/\/kompetentnelo.oce.opolskie.pl\/index.php\/wp-json\/wp\/v2\/media?parent=32"}],"curies":[{"name":"wp","href":"https:\/\/api.w.org\/{rel}","templated":true}]}}